he remainder when 228779 is divided by 114373.
33
What is the remainder when 91100 is divided by 241?
2
What is the remainder when 7754 is divided by 80?
74
Calculate the remainder when 4211 is divided by 2076.
59
Calculate the remainder when 4921 is divided by 479.
131
Calculate the remainder when 3077 is divided by 222.
191
What is the remainder when 316 is divided by 73?
24
What is the remainder when 23341 is divided by 22763?
578
What is the remainder when 696115 is divided by 17?
16
What is the remainder when 70036 is divided by 134?
88
Calculate the remainder when 7175 is divided by 193.
34
Calculate the remainder when 4516 is divided by 34.
28
Calculate the remainder when 20835 is divided by 251.
2
What is the remainder when 111986 is divided by 366?
356
What is the remainder when 1510 is divided by 431?
217
What is the remainder when 12213 is divided by 5804?
605
What is the remainder when 1774 is divided by 210?
94
Calculate the remainder when 390417 is divided by 40.
17
Calculate the remainder when 19365 is divided by 1673.
962
What is the remainder when 18192 is divided by 4546?
8
Calculate the remainder when 87446 is divided by 21858.
14
What is the remainder when 9901 is divided by 235?
31
Calculate the remainder when 7072 is divided by 514.
390
What is the remainder when 6930 is divided by 1268?
590
What is the remainder when 12059 is divided by 63?
26
Calculate the remainder when 1346 is divided by 65.
46
What is the remainder when 5112 is divided by 5055?
57
Calculate the remainder when 11764 is divided by 65.
64
What is the remainder when 9530 is divided by 51?
44
What is the remainder when 44742 is divided by 263?
32
What is the remainder when 567482 is divided by 189159?
5
Calculate the remainder when 1150091 is divided by 463.
462
Calculate the remainder when 372332 is divided by 34.
32
Calculate the remainder when 165420 is divided by 142.
132
What is the remainder when 47787 is divided by 9?
6
Calculate the remainder when 211087 is divided by 241.
212
Calculate the remainder when 12743 is divided by 4238.
29
What is the remainder when 961 is divided by 134?
23
Calculate the remainder when 265 is divided by 218.
47
What is the remainder when 29731 is divided by 7?
2
Calculate the remainder when 2910 is divided by 57.
3
What is the remainder when 17807 is divided by 1105?
127
What is the remainder when 790276 is divided by 112896?
4
Calculate the remainder when 1464 is divided by 298.
272
What is the remainder when 1549 is divided by 579?
391
Calculate the remainder when 3775 is divided by 180.
175
Calculate the remainder when 306610 is divided by 6.
4
Calculate the remainder when 6926 is divided by 3421.
84
What is the remainder when 24050 is divided by 211?
207
Calculate the remainder when 481459 is divided by 120.
19
What is the remainder when 862 is divided by 213?
10
Calculate the remainder when 202015 is divided by 105.
100
Calculate the remainder when 507 is divided by 257.
250
What is the remainder when 4158 is divided by 158?
50
Calculate the remainder when 1260 is divided by 245.
35
What is the remainder when 133547 is divided by 211?
195
Calculate the remainder when 2741 is divided by 400.
341
Calculate the remainder when 2370 is divided by 841.
688
Calculate the remainder when 13522 is divided by 59.
11
What is the remainder when 11922 is divided by 5877?
168
What is the remainder when 11203 is divided by 3715?
58
What is the remainder when 108878 is divided by 1492?
1454
Calculate the remainder when 4261 is divided by 432.
373
Calculate the remainder when 161949 is divided by 410.
409
What is the remainder when 14208 is divided by 9?
6
Calculate the remainder when 55122 is divided by 150.
72
What is the remainder when 39 is divided by 8?
7
What is the remainder when 79077 is divided by 42?
33
What is the remainder when 45988 is divided by 22964?
60
What is the remainder when 45582 is divided by 1107?
195
What is the remainder when 3062 is divided by 60?
2
Calculate the remainder when 71246 is divided by 65.
6
Calculate the remainder when 2209706 is divided by 223.
222
Calculate the remainder when 28524 is divided by 198.
12
Calculate the remainder when 8234 is divided by 101.
53
Calculate the remainder when 1353 is divided by 98.
79
What is the remainder when 7708 is divided by 151?
7
Calculate the remainder when 443341 is divided by 176.
173
What is the remainder when 361 is divided by 77?
53
What is the remainder when 175859 is divided by 180?
179
What is the remainder when 24774 is divided by 137?
114
Calculate the remainder when 234864 is divided by 19572.
0
What is the remainder when 200556 is divided by 647?
633
What is the remainder when 199284 is divided by 27?
24
What is the remainder when 5821 is divided by 653?
597
What is the remainder when 1336069 is divided by 23?
22
What is the remainder when 11929 is divided by 1919?
415
Calculate the remainder when 67438 is divided by 135.
73
Calculate the remainder when 13703 is divided by 652.
11
What is the remainder when 7249 is divided by 337?
172
What is the remainder when 428834 is divided by 69?
68
What is the remainder when 2294 is divided by 742?
68
What is the remainder when 524 is divided by 35?
34
What is the remainder when 976 is divided by 475?
26
What is the remainder when 6792 is divided by 847?
16
Calculate the remainder when 5184 is divided by 8.
0
Calculate the remainder when 2138628 is divided by 283.
280
What is the remainder when 129672 is divided by 75?
72
Calculate the remainder when 7792 is divided by 331.
179
What is the remainder when 349 is divided by 149?
51
Calculate the remainder when 10094197 is divided by 328.
325
Calculate the remainder when 3587 is divided by 1695.
197
Calculate the remainder when 81809 is divided by 4544.
17
What is the remainder when 25940 is divided by 1361?
81
What is the remainder when 57894 is divided by 1052?
34
Calculate the remainder when 407959 is divided by 24.
7
What is the remainder when 2656 is divided by 2652?
4
Calculate the remainder when 21187 is divided by 21184.
3
What is the remainder when 313310 is divided by 16?
14
Calculate the remainder when 134434 is divided by 7464.
82
What is the remainder when 71203 is divided by 28?
27
Calculate the remainder when 10608 is divided by 69.
51
What is the remainder when 2122 is divided by 176?
10
What is the remainder when 20896 is divided by 220?
216
Calculate the remainder when 2190 is divided by 1144.
1046
Calculate the remainder when 2081 is divided by 298.
293
What is the remainder when 4650 is divided by 180?
150
Calculate the remainder when 25833 is divided by 272.
265
What is the remainder when 357388 is divided by 285?
283
What is the remainder when 417740 is divided by 1934?
1930
Calculate the remainder when 6167 is divided by 5.
2
Calculate the remainder when 3560 is divided by 583.
62
Calculate the remainder when 17885 is divided by 8841.
203
Calculate the remainder when 6115 is divided by 1018.
7
Calculate the remainder when 3601 is divided by 271.
78
Calculate the remainder when 14018 is divided by 6994.
30
Calculate the remainder when 246103 is divided by 14.
11
Calculate the remainder when 43043 is divided by 10756.
19
Calculate the remainder when 1152 is divided by 314.
210
What is the remainder when 604792 is divided by 151197?
4
What is the remainder when 2225 is divided by 147?
20
What is the remainder when 43025 is divided by 9?
5
Calculate the remainder when 139568 is divided by 85.
83
Calculate the remainder when 18086 is divided by 6018.
32
What is the remainder when 9372 is divided by 48?
12
What is the remainder when 92996 is divided by 30884?
344
Calculate the remainder when 5848 is divided by 38.
34
Calculate the remainder when 4984 is divided by 171.
25
What is the remainder when 68249 is divided by 30?
29
What is the remainder when 209232 is divided by 29?
26
Calculate the remainder when 2951950 is divided by 12.
10
Calculate the remainder when 27134 is divided by 23.
17
Calculate the remainder when 4848 is divided by 404.
0
What is the remainder when 913 is divided by 470?
443
What is the remainder when 19170 is divided by 2738?
4
Calculate the remainder when 58785 is divided by 442.
441
What is the remainder when